is the units digit of (2 + 603)/1*t?
5
Suppose -3*j = 16*j - 7011. Let b = j - 118. Suppose -248*l = -b*l + 57. What is the tens digit of l?
1
Let g(h) = 2*h**2 + 9*h - 21. Let i be g(7). What is the tens digit of 2/(4/(-12) - i/(-402))?
3
Suppose 0 = -35*d + 25*d - 99*d + 1476078. What is the hundreds digit of d?
5
Suppose -453263 = -57*p - 66917. What is the hundreds digit of p?
7
Suppose -7*u = -72 + 205. Let x = 94 + u. What is the tens digit of x?
7
Suppose -7453 = -b - a, 4*b + 363*a - 29805 = 366*a. What is the thousands digit of b?
7
Let z be (-348972)/6 + -1 - -2. What is the tens digit of z/(-69) + (-16)/(-184)?
4
Let l be 5 - (26/6 + -4)*24. What is the hundreds digit of l/4 + 17061/12?
4
Let h = -11208 - -17207. What is the units digit of h?
9
What is the units digit of 11 + 46106/6 + 96/144?
6
Suppose -4*w + 412 = 388, 0 = 4*h - 5*w - 66794. What is the units digit of h?
6
Suppose 0 = -4*n + 892 + 2292. Let b = 1384 - n. What is the tens digit of b?
8
Let a = -57 - -41. Let o = a - -44. What is the tens digit of 2540/o + 2*(-2)/(-14)?
9
What is the hundreds digit of ((-67)/134)/(2/(-34852))?
7
Suppose 45*p - d + 33941 = 47*p, -16988 = -p - 3*d. What is the units digit of p?
7
Suppose -84 = -13*g + 9*g. Let n = g - 25. What is the units digit of 78/n*-4 + 0/(-7)?
8
Suppose -x = 3, 2*x = -4*l + 9 - 23. Let z(q) be the first derivative of -29*q**4/4 - q**3 - 3*q**2/2 + 2*q + 2369. What is the hundreds digit of z(l)?
2
Let n = 3874 + -1175. Suppose 3*q = -n + 872. What is the hundreds digit of q/(-6) + 12/8?
1
Suppose 57*a - 2525473 = -3*a + 153047. What is the hundreds digit of a?
6
Let p = -162 - -178. What is the units digit of (2 - 24/15)/(p/880)?
2
Suppose 6*z - 143 = 2*s + z, 0 = 3*s - 2*z + 220. What is the units digit of 1 + 1156 + s + 71?
4
What is the hundreds digit of (-1 + -6073)*181/(-362)?
0
Let l = 7466 + -7015. Let y(f) = 50*f**2 - 1. Let p be y(-2). Let t = l - p. What is the tens digit of t?
5
Let d(a) = 10*a - 5. Let r be 3 + (-2)/((-6)/(-15)). Let m be (-1 + -3)*2/r. What is the tens digit of d(m)?
3
Let d(f) be the first derivative of -f**4/4 + f**3/3 + 3*f**2 + 24*f - 48. What is the units digit of d(-6)?
0
Let g = 8 + 1. Suppose 0 = -i - 5 + g. Suppose i*j - j = 33. What is the units digit of j?
1
Suppose 11*b = -9*b - 19*b. Suppose 2*m - k = 443, 3*m + b*m - 671 = -5*k. What is the tens digit of m?
2
Let z be (-9)/15*-4 + 3/5. Suppose -z*s = -2818 + 958. What is the units digit of s?
0
Suppose 3*h = -4*w - 1509, -2*w + 5*h = -4*w - 737. Let d = -316 - w. What is the units digit of d?
5
Let b(x) = x**3 - 16*x**2 + 19*x - 6. Let u be b(9). Let l = 887 + u. Suppose -3*h + 5*k + l = -0*h, -2*h - k = -319. What is the hundreds digit of h?
1
Let z be 734 + (-6)/((-18)/6). Let f = z + -450. What is the units digit of f?
6
Let l = -12106 - -22426. What is the ten thousands digit of l?
1
Suppose 0 = -15*j - 34*j + 248*j - 1329519. What is the hundreds digit of j?
6
Suppose 97842 + 93511 = 38*o + 57517. What is the units digit of o?
2
Let m = -4288 - -9000. What is the tens digit of m?
1
Let y = -12394 + 33286. What is the ten thousands digit of y?
2
Suppose -n = 4*d - 853, 2*d - 5*n - 187 = d. Let g = -186 + d. What is the tens digit of g?
2
Let u = 124532 - 46852. What is the ten thousands digit of u?
7
Let f = 119 - 101. Let k(b) = 4 - 8 + 8 + f*b - 2*b. What is the tens digit of k(12)?
9
Let f be -1*(-1)/(4/52). Suppose f*n = 2553 + 1022. What is the tens digit of n?
7
Let g(p) = 21*p**2 + 220*p + 54. What is the tens digit of g(-18)?
9
What is the thousands digit of (-32)/20 - 0 - (-14930240)/400?
7
Suppose 7*l + 1253 = 15918. Suppose 3*w + 676 = l. What is the tens digit of w?
7
Let k(z) = -45*z**3 - 1 + 6*z + 8*z**3 + 6*z**2 - 33*z**3. What is the hundreds digit of k(-2)?
5
Suppose 221*k = 52*k + 180640 + 1341543. What is the tens digit of k?
0
Suppose 0 = -0*h + 19*h - 30685. Let s = 2413 - h. What is the hundreds digit of s?
7
Suppose -13653*s = -13709*s + 2839256. What is the units digit of s?
1
Let y be ((-2000)/6 - -2)/((-10)/(-30)). What is the tens digit of (-76)/(-133)*y/(-4)?
4
Let i be (-4 - -4)/(-1) + 260. Suppose z = 3*o - i, 8*z - 340 = -4*o + 6*z. Let s = -32 + o. What is the units digit of s?
4
Let c = 28781 + -5999. What is the tens digit of c?
8
Let m(o) = 2*o**2 + 3*o - 39. Let b be m(-10). Let r = b + 272. What is the hundreds digit of r?
4
Suppose 3*v - 6 = 2*h, 3*v + 2*v - 10 = h. Suppose -4*n + 6*n - 942 = h. What is the units digit of n?
1
Let i(v) = -59*v**2 - 921*v + 16. What is the units digit of i(-10)?
6
Let r = 23200 - 9488. What is the units digit of r?
2
Let g(t) = -t + 2. Let a be g(1). Let s be 3 - 3 - (-12)/a. Suppose -5*p + s*p - 721 = 0. What is the units digit of p?
3
Let s be (-49)/35 + 4383/45. Let k = -146 + 260. Suppose 5*p - s = k. What is the tens digit of p?
4
Suppose 27 = 5*i + 4*o, 4*i = -3*o + 13 + 8. Let m be i - ((-2 - 4/(-4)) + 2). Suppose m*j - 477 + 139 = 0. What is the tens digit of j?
6
Suppose 5*y - 17*u = -20*u + 20477, 5*y - 20481 = u. What is the hundreds digit of y?
0
What is the ten thousands digit of ((-2514)/(-5))/((-32058)/1690 + 19)?
1
Suppose -3*y + 21180 = -3*s, -126*y - 35288 = -131*y + 2*s. What is the units digit of y?
6
Let a be 25*(24 - 5)/1. Suppose 0 = a*q - 476*q + 557. What is the hundreds digit of q?
5
Let t(r) = -77*r - 110. Let j be t(-6). Let y = j + -57. What is the hundreds digit of y?
2
Suppose 0 = -3*u + l + 20165, u - 4*l - 2732 = 3975. What is the thousands digit of u?
6
Suppose -26*u - u - 107455 = -922045. What is the tens digit of u?
7
What is the hundreds digit of 29 - 23 - 20 - -74005?
9
Let z be (25 - 1032) + 5*1. Let n = -539 - z. Suppose -7*k + 636 + n = 0. What is the units digit of k?
7
Let q = -3210 + 10226. What is the hundreds digit of q?
0
Let h(q) = 3*q - 2. Let j be h(-1). Let g(z) = 2*z - 1. Let m be g(j). Let s(u) = -u**3 - 11*u**2 - 10*u - 15. What is the tens digit of s(m)?
9
Suppose -27*t = -15*t - 2268. Let x = 690 - t. What is the hundreds digit of x?
5
Suppose -x + 2 = 0, x = -g + 22 + 25. Let y = g + -59. What is the units digit of (-6)/y + (-3730)/(-35)?
7
Suppose 21*u - 26*u - 2115 = 0. Let g = 719 + u. What is the hundreds digit of g?
2
Let a = -54 + 54. Suppose a = -n + x - 20, 2*n + 3*n + 128 = -2*x. Let k = 11 - n. What is the units digit of k?
5
Let j = 3 - 1. Let k be -4*14355/174*4/(-5). Suppose -j*d + k = -120. What is the tens digit of d?
9
Suppose 238*o + 1274891 - 2749454 = 2297023. What is the ten thousands digit of o?
1
What is the units digit of 3 - (20/2 - 3456)?
9
Suppose -2*h + 6*h = 5*q + 116, 0 = 2*h - q - 64. Suppose -5*b - 34 + h = 0. Suppose b*u = -4*u + 304. What is the units digit of u?
6
Let t(h) = 4*h - 22. Let f be t(6). Suppose -x - f*x = -879. What is the tens digit of x?
9
Let o = 39 - 24. Suppose 6*c - o*c + 711 = 0. What is the tens digit of c?
7
Let a(t) = 709*t**2 - 100*t + 201. What is the tens digit of a(10)?
0
Let k = 113278 + -48767. What is the units digit of k?
1
Suppose 139*o - 2*j = 138*o + 9833, -29433 = -3*o - 5*j. What is the hundreds digit of o?
8
Let u(m) = -m**3 - 7*m**2 - 7*m - 4. Let n be u(-6). Suppose -2*v = -v - 166. Suppose n*r - v = -0*r. What is the tens digit of r?
8
Let t = 423 - 416. Suppose 9*b - t*b = 2*m + 1510, -3*m - 12 = 0. What is the hundreds digit of b?
7
Suppose 6832 + 10700 = 4*v - 4*n, -13199 = -3*v - 7*n. What is the hundreds digit of v?
3
Suppose 3*z = 4*z. Suppose -5*w - 3*v + 1481 = z, 5*v + 0*v = -w + 283. What is the units digit of w?
8
Let g(v) = 120*v + 71. Let a be g(23). Let n = -1981 + a. What is the units digit of n?
0
Suppose -3*b - 2*i + 3263 = 0, 5*b + 27*i - 23*i = 5439. What is the units digit of b?
7
Let o(b) = 6*b**2 - 14*b - 43. Let l = 82 - 72. What is the units digit of o(l)?
7
Suppose -3*d + 10 = 2*d. Suppose d*g + 3*g = -3*g. Suppose 5*f - 119 + 44 = g. What is the units digit of f?
5
Let q(z) = -2*z**3 + 42*z**2 + 43*z + 34. Let y be q(22). Suppose -y*g = -3*g - 10233. What is the hundreds digit of g?
1
Let g = 398 - 22. Let u = -39 - 202. Let z = g + u. What is the units digit of z?
5
What is the units digit of (-20)/(-18) - (-198646)/18?
7
Let t = 45 - -14. Let j = -36 + t. Let o = -20 + j. What is the 